{"id":286,"date":"2018-03-06T14:21:48","date_gmt":"2018-03-06T13:21:48","guid":{"rendered":"http:\/\/villette-mtc.com\/?page_id=286"},"modified":"2023-11-23T14:30:54","modified_gmt":"2023-11-23T13:30:54","slug":"massage-pediatrique-xiao-tuina","status":"publish","type":"page","link":"https:\/\/villette-mtc.com\/index.php\/mes-specialisations\/massage-pediatrique-xiao-tuina\/","title":{"rendered":"Massage Pour Enfant &#8211; Xiao Tuina \/ Shonishin"},"content":{"rendered":"\n<figure class=\"wp-block-image size-large\"><img data-recalc-dims=\"1\" loading=\"lazy\" decoding=\"async\" width=\"960\" height=\"648\" src=\"https:\/\/i0.wp.com\/villette-mtc.com\/wp-content\/uploads\/2017\/12\/baby-2416718_960_720.jpg?resize=960%2C648&#038;ssl=1\" alt=\"\" class=\"wp-image-242\" srcset=\"https:\/\/i0.wp.com\/villette-mtc.com\/wp-content\/uploads\/2017\/12\/baby-2416718_960_720.jpg?w=960&amp;ssl=1 960w, https:\/\/i0.wp.com\/villette-mtc.com\/wp-content\/uploads\/2017\/12\/baby-2416718_960_720.jpg?resize=300%2C203&amp;ssl=1 300w, https:\/\/i0.wp.com\/villette-mtc.com\/wp-content\/uploads\/2017\/12\/baby-2416718_960_720.jpg?resize=768%2C518&amp;ssl=1 768w\" sizes=\"auto, (max-width: 960px) 100vw, 960px\" \/><figcaption class=\"wp-element-caption\">Image par\u00a0<a href=\"https:\/\/pixabay.com\/fr\/users\/ritae-19628\/?utm_source=link-attribution&amp;utm_medium=referral&amp;utm_campaign=image&amp;utm_content=2416718\">RitaE<\/a>\u00a0de\u00a0<a href=\"https:\/\/pixabay.com\/fr\/?utm_source=link-attribution&amp;utm_medium=referral&amp;utm_campaign=image&amp;utm_content=2416718\">Pixabay<\/a>\u00a0Main d&rsquo;enfant accrochant la main d&rsquo;un adulte<\/figcaption><\/figure>\n\n\n\n<p><\/p>\n\n\n<p>Le Massage pour Enfant appel\u00e9 Xiao <a href=\"https:\/\/villette-mtc.com\/index.php\/mes-specialisations\/tuina-femme-enceinte\/\">Tuina<\/a> (m\u00e9thode chinoise) et Shonishin (m\u00e9thode japonaise)<br \/>est une branche de la p\u00e9diatrie Sino Japonaise.<\/p>\n<p>Elle concerne tous les enfants de 0 \u00e0 7-8 ans.<\/p>\n<p>Elle consiste \u00e0 harmoniser l&rsquo;\u00e9nergie par des massages,<br \/>et avec un apprentissage des parents pour qu&rsquo;ils puissent renouveler le traitement \u00e0 la maison.<\/p>\n<p>Le massage pour enfants est une aide consid\u00e9rable pour tous les d\u00e9sordres du quotidien.\u00a0 Quelques exemples : constipation, diarrh\u00e9e, RGO, \u00e9pilepsie, douleurs dentaires, bronchiolites, changements de comportement, freins de langue, plagioc\u00e9phalie, scoliose, hypotonie motrice, IMC ..<\/p>\n<p>Pr\u00e9cision : ce n&rsquo;est pas un massage bien-\u00eatre. Il s&rsquo;agit d&rsquo;un massage \u00e0 vis\u00e9e th\u00e9rapeutique, tr\u00e8s sp\u00e9cifique.<\/p>\n<p><strong>PAS D&rsquo;ACUPUNCTURE pour les petits !!<\/strong><br \/><strong>Si un th\u00e9rapeute vous en propose, c&rsquo;est qu&rsquo;il ne connait pas les subtilit\u00e9s de cette branche.<br \/>MERCI DE NOTER LE NOM PRENOM ET AGE DE L&rsquo;ENFANT LORS DE LA PRISE DE RDV<\/strong><\/p>\n\n\n<figure class=\"wp-block-image size-large\"><img data-recalc-dims=\"1\" loading=\"lazy\" decoding=\"async\" width=\"442\" height=\"323\" src=\"https:\/\/i0.wp.com\/villette-mtc.com\/wp-content\/uploads\/2020\/05\/xiaotuinaplanche.jpg?resize=442%2C323&#038;ssl=1\" alt=\"\" class=\"wp-image-439\" srcset=\"https:\/\/i0.wp.com\/villette-mtc.com\/wp-content\/uploads\/2020\/05\/xiaotuinaplanche.jpg?w=442&amp;ssl=1 442w, https:\/\/i0.wp.com\/villette-mtc.com\/wp-content\/uploads\/2020\/05\/xiaotuinaplanche.jpg?resize=300%2C219&amp;ssl=1 300w\" sizes=\"auto, (max-width: 442px) 100vw, 442px\" \/><figcaption class=\"wp-element-caption\">Schema de points utilis\u00e9s en Xiao Er, massage enfant en th\u00e9rapie chinoise<\/figcaption><\/figure>\n\n\n\n<figure class=\"wp-block-image size-large\"><img data-recalc-dims=\"1\" loading=\"lazy\" decoding=\"async\" width=\"1024\" height=\"992\" src=\"https:\/\/i0.wp.com\/villette-mtc.com\/wp-content\/uploads\/2020\/10\/XiaoTuinaPhoto1.jpg?resize=1024%2C992&#038;ssl=1\" alt=\"\" class=\"wp-image-522\" srcset=\"https:\/\/i0.wp.com\/villette-mtc.com\/wp-content\/uploads\/2020\/10\/XiaoTuinaPhoto1.jpg?resize=1024%2C992&amp;ssl=1 1024w, https:\/\/i0.wp.com\/villette-mtc.com\/wp-content\/uploads\/2020\/10\/XiaoTuinaPhoto1.jpg?resize=300%2C291&amp;ssl=1 300w, https:\/\/i0.wp.com\/villette-mtc.com\/wp-content\/uploads\/2020\/10\/XiaoTuinaPhoto1.jpg?resize=768%2C744&amp;ssl=1 768w, https:\/\/i0.wp.com\/villette-mtc.com\/wp-content\/uploads\/2020\/10\/XiaoTuinaPhoto1.jpg?resize=1536%2C1488&amp;ssl=1 1536w, https:\/\/i0.wp.com\/villette-mtc.com\/wp-content\/uploads\/2020\/10\/XiaoTuinaPhoto1.jpg?w=1763&amp;ssl=1 1763w\" sizes=\"auto, (max-width: 1000px) 100vw, 1000px\" \/><figcaption class=\"wp-element-caption\">Ana\u00efs Villette &#8211; Praticienne en m\u00e9decine chinoise en soin enfant<\/figcaption><\/figure>\n","protected":false},"excerpt":{"rendered":"<p>Le Massage pour Enfant appel\u00e9 Xiao Tuina (m\u00e9thode chinoise) et Shonishin (m\u00e9thode japonaise)est une branche de la p\u00e9diatrie Sino Japonaise. Elle concerne tous les enfants de 0 \u00e0 7-8 ans. Elle consiste \u00e0 harmoniser l&rsquo;\u00e9nergie par des massages,et avec un apprentissage des parents pour qu&rsquo;ils puissent renouveler le traitement \u00e0 la maison. Le massage pour&#8230;<\/p>\n","protected":false},"author":2,"featured_media":0,"parent":280,"menu_order":2,"comment_status":"closed","ping_status":"closed","template":"","meta":{"jetpack_post_was_ever_published":false,"footnotes":""},"class_list":["post-286","page","type-page","status-publish","hentry"],"jetpack_sharing_enabled":true,"jetpack_shortlink":"https:\/\/wp.me\/P8NyOD-4C","_links":{"self":[{"href":"https:\/\/villette-mtc.com\/index.php\/wp-json\/wp\/v2\/pages\/286","targetHints":{"allow":["GET"]}}],"collection":[{"href":"https:\/\/villette-mtc.com\/index.php\/wp-json\/wp\/v2\/pages"}],"about":[{"href":"https:\/\/villette-mtc.com\/index.php\/wp-json\/wp\/v2\/types\/page"}],"author":[{"embeddable":true,"href":"https:\/\/villette-mtc.com\/index.php\/wp-json\/wp\/v2\/users\/2"}],"replies":[{"embeddable":true,"href":"https:\/\/villette-mtc.com\/index.php\/wp-json\/wp\/v2\/comments?post=286"}],"version-history":[{"count":18,"href":"https:\/\/villette-mtc.com\/index.php\/wp-json\/wp\/v2\/pages\/286\/revisions"}],"predecessor-version":[{"id":953,"href":"https:\/\/villette-mtc.com\/index.php\/wp-json\/wp\/v2\/pages\/286\/revisions\/953"}],"up":[{"embeddable":true,"href":"https:\/\/villette-mtc.com\/index.php\/wp-json\/wp\/v2\/pages\/280"}],"wp:attachment":[{"href":"https:\/\/villette-mtc.com\/index.php\/wp-json\/wp\/v2\/media?parent=286"}],"curies":[{"name":"wp","href":"https:\/\/api.w.org\/{rel}","templated":true}]}}