{"id":837,"date":"2022-12-01T12:44:32","date_gmt":"2022-12-01T11:44:32","guid":{"rendered":"https:\/\/villette-mtc.com\/?page_id=837"},"modified":"2023-11-23T12:15:33","modified_gmt":"2023-11-23T11:15:33","slug":"politique-de-confidentialite","status":"publish","type":"page","link":"https:\/\/villette-mtc.com\/index.php\/politique-de-confidentialite\/","title":{"rendered":"Politique de confidentialit\u00e9"},"content":{"rendered":"\n<h2 class=\"wp-block-heading\">Qui sommes-nous&nbsp;?<\/h2>\n\n\n\n<p><strong class=\"privacy-policy-tutorial\"> <\/strong>Les activit\u00e9s relatives au site web <a href=\"https:\/\/villette-mtc.com\">https:\/\/villette-mtc.com<\/a>&nbsp;entra\u00eenent des traitements de donn\u00e9es personnelles<\/p>\n\n\n\n<p><\/p>\n\n\n\n<h2 class=\"wp-block-heading\">Sur quoi porte la politique d\u2019utilisation des donn\u00e9es personnelles ?<\/h2>\n\n\n\n<p>La pr\u00e9sente politique vous informe des caract\u00e9ristiques de ces traitements et de vos droits sur les donn\u00e9es personnelles vous concernant.<\/p>\n\n\n\n<p>Cette politique de confidentialit\u00e9 est r\u00e9dig\u00e9e conform\u00e9ment \u00e0 la loi n\u00b078-17 du 6 janvier 1978 (dite \u00ab Loi informatique et libert\u00e9s \u00bb ou \u00ab LIL \u00bb) et au R\u00e8glement G\u00e9n\u00e9ral sur la protection des Donn\u00e9es Personnelles (\u00ab RGDP \u00bb) n\u00b02016\/679.<\/p>\n\n\n\n<p>Quand vous laissez un commentaire sur notre site, les donn\u00e9es inscrites dans le formulaire de commentaire, ainsi que votre adresse IP et l\u2019agent utilisateur de votre navigateur sont collect\u00e9s pour nous aider \u00e0 la d\u00e9tection des commentaires ind\u00e9sirables.<\/p>\n\n\n\n<p>Une cha\u00eene anonymis\u00e9e cr\u00e9\u00e9e \u00e0 partir de votre adresse e-mail (\u00e9galement appel\u00e9e hash) peut \u00eatre envoy\u00e9e au service Gravatar pour v\u00e9rifier si vous utilisez ce dernier. Les clauses de confidentialit\u00e9 du service Gravatar sont disponibles ici&nbsp;: https:\/\/automattic.com\/privacy\/. Apr\u00e8s validation de votre commentaire, votre photo de profil sera visible publiquement \u00e0 cot\u00e9 de votre commentaire.<\/p>\n\n\n\n<h2 class=\"wp-block-heading\">Qui est le responsable de cette politique ?<\/h2>\n\n\n\n<p>Le responsable de traitement est le repr\u00e9sentant l\u00e9gal Ana\u00efs VILLETTE Entrepreneur Individuel<br>Les coordonn\u00e9es du responsable de traitement sont les suivantes : 1 BIS rue du capitaine gaston jasmin 59133 <a href=\"https:\/\/villette-mtc.com\/\">Phalempin<\/a><br>Le responsable est joignable au num\u00e9ro suivant : 0615741325<br>L\u2019adresse \u00e9lectronique de contact est la suivante :\u00a0contact@villette-mtc.com<\/p>\n\n\n\n<h2 class=\"wp-block-heading\">A qui s\u2019adresse cette politique ?<\/h2>\n\n\n\n<p>La pr\u00e9sente politique s\u2019adresse aux usagers du site : les internautes qui naviguent sur le site.<br>Elle concerne \u00e9galement :<\/p>\n\n\n\n<ul class=\"wp-block-list\">\n<li>les personnes qui nous contactent gr\u00e2ce au formulaire de contact du site<\/li>\n\n\n\n<li>les personnes qui r\u00e9digent ou qui sont cit\u00e9es dans des contenus du site<\/li>\n\n\n\n<li>les personnes que nous r\u00e9f\u00e9ren\u00e7ons sur le site en tant que partenaires<\/li>\n<\/ul>\n\n\n\n<h2 class=\"wp-block-heading\">Finalit\u00e9s (\u00e0 quoi servent les donn\u00e9es collect\u00e9es)<\/h2>\n\n\n\n<p>Le traitement a pour objet la gestion du site internet.<\/p>\n\n\n\n<p>Ce traitement permet :<\/p>\n\n\n\n<ul class=\"wp-block-list\">\n<li>la gestion des demandes de renseignements par le formulaire de contact<\/li>\n\n\n\n<li>la gestion des contenus r\u00e9dactionnels du site<\/li>\n\n\n\n<li>le r\u00e9f\u00e9rencement des personnes partenaires sur le site<\/li>\n<\/ul>\n\n\n\n<p>Lorsque vous vous connecterez, nous mettrons en place un certain nombre de cookies pour enregistrer vos informations de connexion et vos pr\u00e9f\u00e9rences d\u2019\u00e9cran. La dur\u00e9e de vie d\u2019un cookie de connexion est de deux jours, celle d\u2019un cookie d\u2019option d\u2019\u00e9cran est d\u2019un an. Si vous cochez \u00ab&nbsp;Se souvenir de moi&nbsp;\u00bb, votre cookie de connexion sera conserv\u00e9 pendant deux semaines. Si vous vous d\u00e9connectez de votre compte, le cookie de connexion sera effac\u00e9.<\/p>\n\n\n\n<p>En modifiant ou en publiant une publication, un cookie suppl\u00e9mentaire sera enregistr\u00e9 dans votre navigateur. Ce cookie ne comprend aucune donn\u00e9e personnelle. Il indique simplement l\u2019ID de la publication que vous venez de modifier. Il expire au bout d\u2019un jour.<\/p>\n\n\n\n<h2 class=\"wp-block-heading\">Dur\u00e9e de conservation des donn\u00e9es<br><\/h2>\n\n\n\n<p>Les donn\u00e9es faisant l\u2019objet d\u2019un traitement sont conserv\u00e9es pendant une dur\u00e9e n\u2019exc\u00e9dant pas celle n\u00e9cessaire aux finalit\u00e9s pour lesquelles elles sont enregistr\u00e9es (principe de minimisation des traitements).<\/p>\n\n\n\n<h2 class=\"wp-block-heading\">Les dur\u00e9es maximums de conservation sont les suivantes :<\/h2>\n\n\n\n<ul class=\"wp-block-list\">\n<li><strong>pour la gestion des demandes de renseignements par le formulaire de contact : 5 ans \u00e0 compter de la demande<\/strong><\/li>\n\n\n\n<li>pour le r\u00e9f\u00e9rencement des organismes partenaires sur le site : Dur\u00e9e illimit\u00e9e le temps de leur utilisation<\/li>\n<\/ul>\n\n\n\n<h2 class=\"wp-block-heading\">Donn\u00e9es trait\u00e9es<br><\/h2>\n\n\n\n<p>Le responsable de traitement traite les cat\u00e9gories de donn\u00e9es suivantes :<\/p>\n\n\n\n<ul class=\"wp-block-list\">\n<li>Identification : Etat-civil, identit\u00e9, donn\u00e9es d\u2019identification (nom, pr\u00e9nom, t\u00e9l\u00e9phone, email et message)<\/li>\n\n\n\n<li>Vie professionnelle : domaine d\u2019activit\u00e9<\/li>\n<\/ul>\n\n\n\n<h2 class=\"wp-block-heading\">Caract\u00e8re obligatoire ou facultatif du recueil des donn\u00e9es<br><\/h2>\n\n\n\n<p>Les donn\u00e9es collect\u00e9es pr\u00e9sentent un caract\u00e8re obligatoire pour r\u00e9aliser les finalit\u00e9s de traitement.<\/p>\n\n\n\n<h2 class=\"wp-block-heading\">Les destinataires des donn\u00e9es<br><\/h2>\n\n\n\n<p>Les donn\u00e9es \u00e0 caract\u00e8re personnel collect\u00e9es sont r\u00e9serv\u00e9es \u00e0 l\u2019usage du responsable du traitement. Aucune donn\u00e9e personnelle n\u2019est transf\u00e9r\u00e9e par le responsable de traitement \u00e0 des destinataires.<\/p>\n\n\n\n<p><\/p>\n\n\n\n<h2 class=\"wp-block-heading\">Quelles sont les mesures de s\u00e9curit\u00e9 mises en place ?<br><\/h2>\n\n\n\n<h2 class=\"wp-block-heading\">L\u2019existence ou non d\u2019un transfert des donn\u00e9es vers un pays hors Union europ\u00e9enne et garanties associ\u00e9es<br><\/h2>\n\n\n\n<p>Le responsable du traitement ne r\u00e9alise aucun transfert de donn\u00e9es personnelles en dehors de l\u2019Union Europ\u00e9enne.<\/p>\n\n\n\n<h2 class=\"wp-block-heading\">Prise de d\u00e9cision automatis\u00e9e<br><\/h2>\n\n\n\n<p>Le traitement ne pr\u00e9voit pas de prise de d\u00e9cision enti\u00e8rement automatis\u00e9e.<\/p>\n\n\n\n<h2 class=\"wp-block-heading\">Sort des donn\u00e9es \u00e0 caract\u00e8re personnel apr\u00e8s le d\u00e9c\u00e8s \u2013 Droit d\u2019acc\u00e8s, de rectification, de suppression et de portabilit\u00e9 des donn\u00e9es<br><\/h2>\n\n\n\n<p>La personne concern\u00e9e par un traitement peut d\u00e9finir des directives relatives \u00e0 la conservation, \u00e0 l\u2019effacement et \u00e0 la communication de ses donn\u00e9es personnelles apr\u00e8s son d\u00e9c\u00e8s. Ces directives peuvent \u00eatre g\u00e9n\u00e9rales ou particuli\u00e8res.<\/p>\n\n\n\n<p>La personne concern\u00e9e par un traitement b\u00e9n\u00e9ficie \u00e9galement d\u2019un droit d\u2019acc\u00e8s, d\u2019opposition, de rectification, de suppression et, \u00e0 certaines conditions, de portabilit\u00e9 de ses donn\u00e9es personnelles. La personne concern\u00e9e a le droit de retirer son consentement \u00e0 tout moment si le consentement constitue la base l\u00e9gale du traitement.<\/p>\n\n\n\n<p>La demande devra indiquer les nom et pr\u00e9nom, adresse e-mail ou postale, de la personne concern\u00e9e, et \u00eatre sign\u00e9e et accompagn\u00e9e d\u2019un justificatif d\u2019identit\u00e9 en cours de validit\u00e9.<\/p>\n\n\n\n<p>Elle peut exercer ces droits en s\u2019adressant \u00e0 :<br>Ana\u00efs VILLETTE Entrepreneur Individuel, 1 BIS Rue du Capitaine Gaston Jasmin 59133 Phalempin, contact@villette-mtc.com<\/p>\n\n\n\n<h2 class=\"wp-block-heading\">Information &amp; R\u00e9clamation<br><\/h2>\n\n\n\n<p>Pour toute information concernant la conformit\u00e9 RGPD des traitements sous la responsabilit\u00e9 d&rsquo;Ana\u00efs VILLETTE Entrepreneur Individuel, veuillez contacter le D\u00e9l\u00e9gu\u00e9 \u00e0 la protection des donn\u00e9es (DPO-114530) d\u00e9sign\u00e9 aupr\u00e8s de la CNIL en \u00e9crivant \u00e0&nbsp;<a rel=\"noreferrer noopener\" href=\"mailto:contact@deonto.org\" target=\"_blank\">contact@deonto.org<\/a><\/p>\n\n\n\n<p>La personne concern\u00e9e par un traitement a le droit d\u2019introduire une r\u00e9clamation aupr\u00e8s de l\u2019autorit\u00e9 de contr\u00f4le (CNIL) :&nbsp;<a rel=\"noreferrer noopener\" target=\"_blank\" href=\"https:\/\/www.cnil.fr\/fr\/webform\/adresser-une-plainte\">https:\/\/www.cnil.fr\/fr\/webform\/adresser-une-plainte<\/a><\/p>\n\n\n\n<h2 class=\"wp-block-heading\"><\/h2>\n","protected":false},"excerpt":{"rendered":"<p>Qui sommes-nous&nbsp;? Les activit\u00e9s relatives au site web https:\/\/villette-mtc.com&nbsp;entra\u00eenent des traitements de donn\u00e9es personnelles Sur quoi porte la politique d\u2019utilisation des donn\u00e9es personnelles ? La pr\u00e9sente politique vous informe des caract\u00e9ristiques de ces traitements et de vos droits sur les donn\u00e9es personnelles vous concernant. Cette politique de confidentialit\u00e9 est r\u00e9dig\u00e9e conform\u00e9ment \u00e0 la loi n\u00b078-17&#8230;<\/p>\n","protected":false},"author":2,"featured_media":0,"parent":0,"menu_order":0,"comment_status":"closed","ping_status":"closed","template":"","meta":{"jetpack_post_was_ever_published":false,"footnotes":""},"class_list":["post-837","page","type-page","status-publish","hentry"],"jetpack_sharing_enabled":true,"jetpack_shortlink":"https:\/\/wp.me\/P8NyOD-dv","_links":{"self":[{"href":"https:\/\/villette-mtc.com\/index.php\/wp-json\/wp\/v2\/pages\/837","targetHints":{"allow":["GET"]}}],"collection":[{"href":"https:\/\/villette-mtc.com\/index.php\/wp-json\/wp\/v2\/pages"}],"about":[{"href":"https:\/\/villette-mtc.com\/index.php\/wp-json\/wp\/v2\/types\/page"}],"author":[{"embeddable":true,"href":"https:\/\/villette-mtc.com\/index.php\/wp-json\/wp\/v2\/users\/2"}],"replies":[{"embeddable":true,"href":"https:\/\/villette-mtc.com\/index.php\/wp-json\/wp\/v2\/comments?post=837"}],"version-history":[{"count":4,"href":"https:\/\/villette-mtc.com\/index.php\/wp-json\/wp\/v2\/pages\/837\/revisions"}],"predecessor-version":[{"id":937,"href":"https:\/\/villette-mtc.com\/index.php\/wp-json\/wp\/v2\/pages\/837\/revisions\/937"}],"wp:attachment":[{"href":"https:\/\/villette-mtc.com\/index.php\/wp-json\/wp\/v2\/media?parent=837"}],"curies":[{"name":"wp","href":"https:\/\/api.w.org\/{rel}","templated":true}]}}